 44.
4
Let x = 16 - -30. Suppose 0 = -4*j - 4*g + 72, -g = 3*j - 0*g - x. Calculate the greatest common factor of j and 7.
7
Let v be -2 + (1/(-1) - -2). Let j be (v - (-3)/6)*-12. Let p be (j/(-4))/(3/(-20)). Calculate the greatest common divisor of 90 and p.
10
Let i(c) = -4*c**3 + 0*c + 0*c + 2*c. Let f be i(-2). Let v = -19 + f. Calculate the greatest common factor of 1 and v.
1
Suppose 4*b - 15 = 165. Suppose 11*x - 14*x - 54 = -3*m, -3*m - 3*x + 54 = 0. Calculate the greatest common divisor of b and m.
9
Let y(c) = -2*c + 3. Let z be y(-2). What is the greatest common divisor of 21 and z?
7
Let v = -11 - -14. Let d be 41/2 - v/6. Calculate the highest common divisor of 40 and d.
20
Let p(f) = -f**3 - 3*f**2 + f + 3. Let l be p(-3). Suppose l = -b + 5. Suppose -493 + 53 = -b*h. Calculate the highest common factor of 8 and h.
8
Let n = 91 + -65. What is the greatest common factor of n and 78?
26
Suppose 0 = -2*l - 3*y + 75, -4*y = -l + 21 + 33. What is the greatest common factor of l and 14?
14
Let q(h) = 14*h + 34. Let t be q(18). What is the greatest common divisor of 26 and t?
26
Let x(y) = -y**3 + 8*y**2 + 2*y + 3. Suppose 0 = -3*i + i + 16. Let u be x(i). Calculate the greatest common factor of 209 and u.
19
Suppose 2*a = -4*p + 62, -10 = -6*p + p. What is the highest common factor of a and 9?
9
Let a = 45 + 39. Suppose 0 = -5*r - 0*j + 2*j + 107, 5*j = -5. Calculate the highest common factor of a and r.
21
Suppose 0 = -5*i + 2*i. Let d be (5 - 0) + (0 - i). Suppose v - d*v = -132. Calculate the greatest common divisor of v and 22.
11
Suppose 0*g = 5*g + 2*f - 778, 4*f = 4*g - 600. Let h = -29 + 133. Suppose -38 + h = 3*v. Calculate the highest common divisor of g and v.
22
Let u be 41/(-2*3/(-6)). Suppose 55 + u = 2*v. What is the highest common divisor of v and 12?
12
Suppose 2*y - 5 = 5. Suppose -260 - 300 = -y*s. Calculate the greatest common factor of s and 14.
14
Suppose -4*o = -19 - 1. Suppose -5*p + o = -35. What is the highest common divisor of p and 8?
8
Let c(u) = 5*u**3 + 2*u**2 + u. Let n be c(-1). Let d be (-5)/(5/2) - n. What is the highest common divisor of 16 and d?
2
Let j(b) = 20*b**2 - b - 1. Let v be j(-1). What is the highest common factor of 20 and v?
20
Let l = 23 - 11. What is the highest common divisor of l and 48?
12
Suppose -o + 5 = -v + 3*v, 0 = 4*v + 4*o - 12. Suppose -116 = -v*s + 172. What is the greatest common divisor of s and 18?
18
Suppose -5*j + n = -435 + 159, 60 = j + n. Calculate the highest common divisor of j and 14.
14
Suppose -5*r - 3*p + 109 = 0, r = -2*r - 5*p + 75. Calculate the highest common factor of 50 and r.
10
Let i be 3/(3/6 + (-3)/42). Let a(w) = 36*w**3 - w**2 + w - 1. Let t be a(1). Calculate the highest common factor of t and i.
7
Suppose o + 0*o + 5*r = -37, -5*r - 1 = -2*o. Let y be (-1)/(-4) + 2439/o. Let a = 294 + y. What is the greatest common factor of 13 and a?
13
Let z be (-4)/(-5) - (4 + 453/(-15)). What is the greatest common factor of 36 and z?
9
Let f(r) = r**2 - 4*r - 3. Let k be f(5). Calculate the highest common divisor of 22 and k.
2
Let a(c) = -c**2 + 8*c - 3. Let d be a(4). Suppose 5*h - 40 = 4*g, h = g - 6 + d. What is the greatest common factor of h and 96?
12
Suppose 0*u = 4*h + u - 44, 0 = -3*h + 4*u + 52. Suppose -x + 528 = 3*x. What is the greatest common divisor of x and h?
12
Let g = -2 + 4. Let d be 6*(g - 2/(-2)). Suppose -2*b + 4*z + 340 = 0, 2*z - 155 = -b + 7*z. What is the highest common divisor of d and b?
18
Let g = 37 - 12. Calculate the greatest common divisor of g and 125.
25
Let y(b) = -b**2 - 2*b. Let j be y(-2). Let x be (-2)/(-4 - 0)*j. Suppose s = 4*s + 12, x = 3*h - 4*s - 31. Calculate the greatest common divisor of h and 45.
5
Let x be -4 + (-508)/(-20) - 4/10. Calculate the highest common divisor of 3 and x.
3
Suppose 42 = 2*f + 4*a - 0*a, -3*a + 37 = 2*f. Let h(n) = 1 + 2*n**2 + 2*n**2 + 2*n**2 + 2*n**2. Let t be h(-2). What is the greatest common factor of f and t?
11
Let i(v) be the third derivative of -2*v**3 + 0*v - 2*v**2 + 1/6*v**4 + 0. Let t be i(8). What is the greatest common divisor of t and 30?
10
Let g = -46 - -64. Suppose 4*h + g = 5*h. Calculate the greatest common factor of 27 and h.
9
Let z be ((-2)/(-4) + -2)*-6. Suppose n + 4 - z = 0. What is the highest common factor of n and 15?
5
Let y be ((-60)/(-8))/(3/4). Calculate the highest common divisor of 40 and y.
10
Let g be ((-40)/(-25))/((-3)/(-60)). Suppose 8*y = 6*y + g. Calculate the highest common divisor of y and 128.
16
Let a = 75 + -45. Calculate the greatest common factor of 330 and a.
30
Let z be (2 + (-3)/2)*4. Let u(a) = -a**3 - 6*a**2 + 6*a - 2. Let v be u(-7). Suppose 0 = v*g - 2 - 23. What is the greatest common factor of g and z?
1
Suppose 3*r = 5*r - 10. Let o be (3/2)/(12/16). Calculate the greatest common divisor of o and r.
1
Let k(j) = -3*j - 39. Let y be k(-16). Calculate the highest common factor of y and 9.
9
Let b(h) = 16*h - 7. Let m(k) = 17*k - 8. Let i(g) = 6*b(g) - 5*m(g). Let r be i(4). Calculate the highest common divisor of 63 and r.
21
Suppose -5 = 5*c - 5*d, d + 0*d - 21 = -4*c. Suppose 3*y + 3*u = 387, -u = c*y - 71 - 454. Suppose -3*z = -6 - 30. What is the highest common factor of z and y?
12
Let o(d) = d - 11. Let h be o(12). Let w be (-164)/(-6) + h/(-3). What is the highest common divisor of w and 3?
3
Let s be 1/(7/10 + (-1)/2). Calculate the greatest common factor of 40 and s.
5
Let s(t) = -t**2 + 13*t - 5. Let m be s(6). Calculate the highest common divisor of 37 and m.
37
Let c be (13 - (3 + 1)) + -3. Calculate the highest common divisor of c and 54.
6
Suppose 3*a - 33 = -r, 3 = a - 0. Let f = -101 - -109. Calculate the greatest common factor of f and r.
8
Suppose 0*v - 2*v = -22. Let w(j) = -42*j + 5. Let c(u) = 21*u - 3. Let g(q) = 5*c(q) + 2*w(q). Let s be g(6). Calculate the greatest common divisor of s and v.
11
Suppose -12*c = -15*c + 12. Calculate the greatest common factor of 52 and c.
4
Suppose 3*k + 3 = -3. Let x(c) = 35*c**2 + c. Let d be x(k). Suppose -102 = -4*g + d. Calculate the highest common factor of g and 6.
6
Suppose 5*i - 3*m + 6 = 26, -4*i = 2*m - 16. Suppose 0 = n + n. Suppose -4*y + 42 = 2*z, n*z = -i*z + 20. Calculate the highest common factor of 56 and y.
8
Suppose -19 = -5*y + 21. Calculate the highest common divisor of 56 and y.
8
Let h be 0 - -1 - 4/(-2). Let i = 3 - h. Suppose u - 4 = i, 5*v - 524 = 3*u + u. What is the greatest common factor of v and 12?
12
Let w be (-3)/(0 + -3) + 3. Suppose y = -w*y + 25. Let l be (0 - -4)*(-35)/(-4). Calculate the highest common factor of l and y.
5
Let v(k) = -k**3 + 7*k**2 + 10*k + 9. Let w be v(8). What is the greatest common divisor of 5 and w?
5
Let u = -5 + 10. Let s(j) = j + 5. Let t be s(-4). Let c be (7/(-2))/(t/(-10)). What is the greatest common divisor of c and u?
5
Let l be ((-40)/7)/((-18)/63). Suppose -2*a - 4 + 195 = 3*x, -406 = -4*a + 2*x. What is the highest common factor of a and l?
20
Let d be ((-16)/(-6))/((-4)/(-6)). Let f(w) = w**3 - 4*w**2 + 4*w + 2. Let i be f(d). What is the highest common divisor of i and 12?
6
Let m(a) = -2*a**2 + 2*a - 1. Let u be m(1). Let h = u - -6. What is the highest common divisor of h and 20?
5
Suppose 1 + 0 = v. Let o(l) = -3 - 1 + 11*l - v + 6. Let q be o(1). Calculate the highest common factor of 84 and q.
12
Let g be 112/10 - (-1)/(-5). Suppose g = 3*t - 13. Suppose 0 = 5*l + 25, 3*p + 2*p - 3*l = 335. What is the highest common factor of p and t?
8
Let f = -19 - -28. Let h = -28 - -13. Let x = -6 - h. Calculate the greatest common divisor of f and x.
9
Suppose -11 = -m + 3. Calculate the greatest common divisor of m and 126.
14
Let x(s) be the second derivative of -s**4/12 + 8*s**3/3 - 6*s**2 + 7*s. Let f be x(12). Calculate the greatest common divisor of 24 and f.
12
Let g(t) = -t**2 - 4*t + 3. Let c be g(-4). What is the highest common divisor of 111 and c?
3
Suppose 0 = -4*y + 3*y - 2*k - 8, -4*k = -12. Let m = y + 17. What is the greatest common factor of 24 and m?
3
Suppose 2*g = -4*h + 48, -4*g - 97 = -7*g - h. Let c = g + -75. Let m = c - -77. Calculate the highest common divisor of m and 12.
12
Let w be (-58)/(-2) + (-1)/1. Let g(n) = -2*n**3 - 5*n**2 - 3*n - 4. Suppose -2*t - 9 = t. Let